at is the remainder when 273 is divided by 28?
21
What is the remainder when 376 is divided by 372?
4
What is the remainder when 6068 is divided by 24?
20
What is the remainder when 65 is divided by 33?
32
What is the remainder when 10920 is divided by 86?
84
What is the remainder when 6034 is divided by 11?
6
What is the remainder when 136 is divided by 20?
16
Calculate the remainder when 809 is divided by 15.
14
Calculate the remainder when 551 is divided by 63.
47
Calculate the remainder when 285 is divided by 12.
9
Calculate the remainder when 585 is divided by 261.
63
Calculate the remainder when 865 is divided by 79.
75
What is the remainder when 354 is divided by 98?
60
Calculate the remainder when 1911 is divided by 16.
7
Calculate the remainder when 1188 is divided by 7.
5
Calculate the remainder when 73 is divided by 24.
1
Calculate the remainder when 2972 is divided by 93.
89
What is the remainder when 30965 is divided by 27?
23
What is the remainder when 223 is divided by 30?
13
What is the remainder when 675 is divided by 68?
63
Calculate the remainder when 70 is divided by 32.
6
Calculate the remainder when 184 is divided by 19.
13
What is the remainder when 245 is divided by 61?
1
What is the remainder when 4640 is divided by 160?
0
What is the remainder when 614 is divided by 103?
99
What is the remainder when 206 is divided by 27?
17
Calculate the remainder when 2462 is divided by 44.
42
What is the remainder when 124 is divided by 41?
1
Calculate the remainder when 125 is divided by 26.
21
What is the remainder when 37 is divided by 1?
0
What is the remainder when 8123 is divided by 125?
123
Calculate the remainder when 304 is divided by 28.
24
Calculate the remainder when 5534 is divided by 48.
14
What is the remainder when 407 is divided by 8?
7
What is the remainder when 539 is divided by 69?
56
What is the remainder when 1444 is divided by 378?
310
What is the remainder when 5110 is divided by 36?
34
Calculate the remainder when 179 is divided by 18.
17
What is the remainder when 4966 is divided by 46?
44
Calculate the remainder when 1145 is divided by 82.
79
What is the remainder when 352 is divided by 108?
28
Calculate the remainder when 2838 is divided by 316.
310
Calculate the remainder when 95 is divided by 33.
29
Calculate the remainder when 859 is divided by 832.
27
What is the remainder when 296 is divided by 57?
11
What is the remainder when 112 is divided by 21?
7
What is the remainder when 438 is divided by 165?
108
Calculate the remainder when 1439 is divided by 50.
39
What is the remainder when 13477 is divided by 214?
209
Calculate the remainder when 199 is divided by 50.
49
Calculate the remainder when 5 is divided by 2.
1
What is the remainder when 634 is divided by 33?
7
What is the remainder when 678 is divided by 77?
62
Calculate the remainder when 179 is divided by 28.
11
Calculate the remainder when 50 is divided by 12.
2
Calculate the remainder when 11906 is divided by 30.
26
What is the remainder when 1151 is divided by 130?
111
What is the remainder when 244 is divided by 14?
6
Calculate the remainder when 458 is divided by 138.
44
Calculate the remainder when 1215 is divided by 37.
31
What is the remainder when 39 is divided by 14?
11
What is the remainder when 296 is divided by 79?
59
Calculate the remainder when 1157 is divided by 61.
59
What is the remainder when 787 is divided by 228?
103
What is the remainder when 76 is divided by 29?
18
Calculate the remainder when 3022 is divided by 601.
17
Calculate the remainder when 809 is divided by 90.
89
What is the remainder when 144 is divided by 105?
39
Calculate the remainder when 54 is divided by 24.
6
Calculate the remainder when 971 is divided by 61.
56
Calculate the remainder when 3717 is divided by 24.
21
Calculate the remainder when 225 is divided by 67.
24
Calculate the remainder when 14559 is divided by 4.
3
Calculate the remainder when 97 is divided by 13.
6
Calculate the remainder when 472 is divided by 236.
0
Calculate the remainder when 6079 is divided by 20.
19
What is the remainder when 1351 is divided by 41?
39
Calculate the remainder when 173 is divided by 34.
3
Calculate the remainder when 793 is divided by 15.
13
What is the remainder when 23 is divided by 23?
0
What is the remainder when 2695 is divided by 225?
220
What is the remainder when 169 is divided by 43?
40
Calculate the remainder when 27 is divided by 9.
0
Calculate the remainder when 62 is divided by 8.
6
What is the remainder when 384 is divided by 98?
90
Calculate the remainder when 5372 is divided by 105.
17
Calculate the remainder when 671 is divided by 217.
20
What is the remainder when 5381 is divided by 15?
11
Calculate the remainder when 1132 is divided by 63.
61
What is the remainder when 235 is divided by 8?
3
What is the remainder when 677 is divided by 34?
31
Calculate the remainder when 97 is divided by 49.
48
What is the remainder when 242 is divided by 76?
14
Calculate the remainder when 1618 is divided by 30.
28
What is the remainder when 232 is divided by 26?
24
Calculate the remainder when 1917 is divided by 475.
17
Calculate the remainder when 501 is divided by 84.
81
What is the remainder when 1034 is divided by 26?
20
What is the remainder when 293 is divided by 59?
57
What is the remainder when 92 is divided by 19?
16
What is the remainder when 726 is divided by 359?
8
What is the remainder when 6377 is divided by 149?
119
What is the remainder when 132 is divided by 14?
6
Calculate the remainder when 8552 is divided by 145.
142
Calculate the remainder when 38 is divided by 36.
2
Calculate the remainder when 377 is divided by 98.
83
What is the remainder when 866 is divided by 26?
8
Calculate the remainder when 99 is divided by 25.
24
What is the remainder when 973 is divided by 428?
117
What is the remainder when 667 is divided by 155?
47
What is the remainder when 434 is divided by 19?
16
What is the remainder when 1859 is divided by 65?
39
Calculate the remainder when 325 is divided by 8.
5
Calculate the remainder when 45 is divided by 10.
5
What is the remainder when 992 is divided by 262?
206
What is the remainder when 177 is divided by 15?
12
What is the remainder when 587 is divided by 27?
20
What is the remainder when 286 is divided by 32?
30
Calculate the remainder when 623 is divided by 107.
88
Calculate the remainder when 100 is divided by 35.
30
Calculate the remainder when 7624 is divided by 28.
8
What is the remainder when 203 is divided by 29?
0
What is the remainder when 135 is divided by 6?
3
What is the remainder when 34 is divided by 21?
13
Calculate the remainder when 183 is divided by 45.
3
What is the remainder when 393 is divided by 149?
95
Calculate the remainder when 429 is divided by 16.
13
Calculate the remainder when 4398 is divided by 163.
160
What is the remainder when 1812 is divided by 49?
48
Calculate the remainder when 167 is divided by 13.
11
What is the remainder when 47 is divided by 26?
21
Calculate the remainder when 290 is divided by 44.
26
What is the remainder when 387 is divided by 4?
3
What is the remainder when 377 is divided by 54?
53
What is the remainder when 39 is divided by 34?
5
Calculate the remainder when 52 is divided by 27.
25
Calculate the remainder when 774 is divided by 192.
6
Calculate the remainder when 7587 is divided by 69.
66
Calculate the remainder when 325 is divided by 68.
53
Calculate the remainder when 221 is divided by 109.
3
Calculate the remainder when 477 is divided by 28.
1
What is the remainder when 33525 is divided by 66?
63
What is the remainder when 226 is divided by 14?
2
Calculate the remainder when 25517 is divided by 110.
107
Calculate the remainder when 22231 is divided by 28.
27
What is the remainder when 102 is divided by 68?
34
What is the remainder when 757 is divided by 297?
163
What is the remainder when 36479 is divided by 20?
19
What is the remainder when 22689 is divided by 6?
3
Calculate the remainder when 2847 is divided by 19.
16
Calculate the remainder when 2019 is divided by 11.
6
Calculate the remainder when 363 is divided by 14.
13
Calculate the remainder when 649 is divided by 60.
49
Calculate the remainder when 23 is divided by 2.
1
What is th